?
False
Is 3576673 a composite number?
False
Is 38997047 a prime number?
True
Is 2805203 composite?
False
Is 19643023 composite?
True
Is 7697683 a prime number?
False
Is 15956071 a composite number?
False
Is 735180613 a prime number?
True
Is 64347707 a prime number?
True
Is 119871733 composite?
False
Is 87809783 a composite number?
True
Is 613913 prime?
False
Is 2870953 a composite number?
False
Is 63555377 a prime number?
True
Is 4448999 a prime number?
False
Is 323173 composite?
True
Is 13699401 a composite number?
True
Is 1476143 a prime number?
False
Is 40179277 a composite number?
False
Is 36518111 a prime number?
False
Is 408997 a prime number?
True
Is 34200799 a prime number?
True
Is 4904759 a prime number?
True
Is 1603051421 a composite number?
False
Is 858499 composite?
True
Is 266696197 composite?
False
Is 259145749 composite?
True
Is 165631 composite?
True
Is 1638251 a composite number?
False
Is 30256931 a composite number?
True
Is 124526117 prime?
False
Is 28706338 a composite number?
True
Is 4376509 a prime number?
False
Is 2594131 a composite number?
False
Is 554149949 prime?
True
Is 6295337 composite?
False
Is 17518817 composite?
True
Is 3943 composite?
False
Is 25745509 a composite number?
False
Is 174008577 prime?
False
Is 184081 a composite number?
False
Is 15309293 composite?
True
Is 131179 a composite number?
True
Is 15138699 a composite number?
True
Is 12585109 a composite number?
True
Is 1977601 a composite number?
False
Is 1529293 composite?
True
Is 5348323 a composite number?
False
Is 29179583 composite?
False
Is 1133381 composite?
False
Is 24896197 composite?
True
Is 9079769 a composite number?
False
Is 44645407 composite?
False
Is 13175347 composite?
True
Is 113082247 prime?
True
Is 7897739 a composite number?
True
Is 802102583 a composite number?
True
Is 16754509 a composite number?
True
Is 205789807 a composite number?
False
Is 7535917 composite?
False
Is 13638881 prime?
True
Is 102635529 prime?
False
Is 56356067 prime?
True
Is 20677798 a composite number?
True
Is 313615 a prime number?
False
Is 21014089 composite?
True
Is 4327 prime?
True
Is 7669707 prime?
False
Is 7278721 a prime number?
True
Is 73696729 composite?
False
Is 111177734 prime?
False
Is 65956867 a composite number?
True
Is 7625447 a prime number?
False
Is 28364654 a composite number?
True
Is 1798679 composite?
False
Is 5833693 a prime number?
True
Is 359066 a prime number?
False
Is 269117 prime?
True
Is 478147 a prime number?
False
Is 2283331 a prime number?
False
Is 132321533 a composite number?
False
Is 7716199 a prime number?
True
Is 18476905 a prime number?
False
Is 93465557 a prime number?
True
Is 11439289 composite?
False
Is 287073151 a composite number?
True
Is 3191759 a prime number?
True
Is 7267103 composite?
True
Is 5004407 a composite number?
True
Is 959071 prime?
False
Is 2051459 prime?
True
Is 908335559 composite?
False
Is 39618671 composite?
False
Is 89695843 composite?
False
Is 4196383 a prime number?
False
Is 133023505 composite?
True
Is 20635 a prime number?
False
Is 251609 a composite number?
False
Is 19045601 a prime number?
True
Is 9132991 a composite number?
True
Is 1117381 prime?
False
Is 135699527 prime?
False
Is 48983003 a prime number?
True
Is 1233301 composite?
False
Is 2500379 a composite number?
True
Is 122266481 a prime number?
False
Is 31019977 prime?
False
Is 161100778 composite?
True
Is 11726569 prime?
False
Is 122731501 composite?
True
Is 1902751 a composite number?
True
Is 137829563 prime?
False
Is 2927737 composite?
False
Is 37021759 composite?
True
Is 16197107 a prime number?
False
Is 925144901 composite?
False
Is 201217 composite?
True
Is 459657173 a prime number?
False
Is 3546089 a composite number?
False
Is 8839483 a prime number?
True
Is 1296422 a composite number?
True
Is 151207783 prime?
True
Is 100001843 prime?
True
Is 1044277 composite?
True
Is 17246507 a composite number?
True
Is 9256271 prime?
True
Is 116912309 a composite number?
True
Is 646735 a composite number?
True
Is 11494681 a prime number?
False
Is 2680085 a composite number?
True
Is 14674013 a prime number?
False
Is 4478869 a composite number?
False
Is 8483723 a prime number?
True
Is 5441857 prime?
True
Is 14050117 prime?
True
Is 5775149 prime?
True
Is 80721583 a composite number?
False
Is 2938261 composite?
False
Is 26881153 prime?
False
Is 98090123 a composite number?
False
Is 1314359 a prime number?
True
Is 7714227 prime?
False
Is 17612417 prime?
False
Is 54863069 a composite number?
False
Is 132229 a prime number?
True
Is 67932229 composite?
True
Is 329753 a composite number?
True
Is 661172297 composite?
True
Is 37189 prime?
True
Is 2578537 a prime number?
False
Is 11538859 composite?
True
Is 54430067 prime?
False
Is 9251003 composite?
False
Is 10495627 a composite number?
False
Is 1696621903 prime?
True
Is 244534189 a composite number?
False
Is 9958901 a composite number?
False
Is 4915967 prime?
False
Is 173201003 composite?
False
Is 115568935 a composite number?
True
Is 395931457 a composite number?
True
Is 1725467 prime?
False
Is 75078943 composite?
False
Is 12787943 a prime number?
False
Is 4061818 prime?
False
Is 168559 prime?
True
Is 3861141 a composite number?
True
Is 9940967 a prime number?
False
Is 16066271 a composite number?
True
Is 68295887 a prime number?
False
Is 1471399 composite?
True
Is 563723 composite?
False
Is 189947777 prime?
False
Is 26985445 a composite number?
True
Is 87207551 prime?
False
Is 36026453 a composite number?
False
Is 53746319 a prime number?
False
Is 18922363 a prime number?
True
Is 3297293 prime?
True
Is 56483251 composite?
True
Is 28186258 composite?
True
Is 59983747 a prime number?
False
Is 222511 composite?
False
Is 2430179 a prime number?
False
Is 1136942 a composite number?
True
Is 50481017 a prime number?
True
Is 121080133 a prime number?
False
Is 86521793 a composite number?
False
Is 102931051 a composite number?
False
Is 7704217 a prime number?
True
Is 852801247 prime?
True
Is 19415981 composite?
True
Is 9973079 a composite number?
False
Is 5357159 prime?
False
Is 94649187 composite?
True
Is 6821089 prime?
False
Is 246555145 a composite number?
True
Is 3569453 a prime number?
True
Is 4044977 prime?
True
Is 1331921 a prime number?
True
Is 57429337 a composite number?
True
Is 15725023 prime?
True
Is 6737953 prime?
True
Is 47398031 prime?
True
Is 4468817 a composite number?
False
Is 70079 a composite number?
False
Is 53620673 a prime number?
True
Is 55402769 prime?
False
Is 28361 composite?
True
Is 3869729 prime?
True
Is 29818837 a composite number?
False
Is 2583043 composite?
True
Is 98038247 composite?
True
Is 3147751 prime?
True
Is 13664881 composite?
True
Is 137309729 prime?
True
Is 137923031 composite?
True
Is 7039001 a composite number?
False
Is 4685119 composite?
False
Is 38749973 prime?
True
Is 6520117 a prime number?
True
Is 383413 composite?
True
Is 479533 a composite number?
False
Is 6419429 a prime number?
False
Is 108651773 composite?
False
Is 24590171 prime?
True
Is 18979 a composite number?
False
Is 10197137 a composite number?
False
Is 312473033 composite?
True
Is 227791051 prime?
False
Is 3278129 a prime number?
True
Is 531535839 a composite number?
True
Is 205236679 a composite number?
False
Is 1482829 composite?
True
Is 141664927 prime?
False
Is 459674 prime?
False
Is 591353097 composite?
True
Is 4915879 composite?
False
Is 61241493 a composite number?
True
Is 11308177 a composite number?
False
Is 16638823 prime?
True
Is 1728919 composite?
True
Is 161246357 a prime number?
False
Is 21683651 a composite number?
True
Is 3928039 prime?
True
Is 22156987 a composite number?
False
Is 1558651 a prime number?
True
Is 250517381 composite?
False
Is 4777433 a prime number?
True
Is 82947902 composite?
True
Is 217715111 prime?
True
Is 24368041 a composite number?
True
Is 347231699 a prime number?
False
Is 231199817 prime?
False
Is 648035 a composite number?
True
Is 5097959 a prime number?
True
Is 35746819 composite?
False
Is 9185051 a prime number?
True
Is 29007481 a prime number?
True
Is 4561877 prime?
True
Is 10343913 prime?
False
Is 1020313 a prime number?
False
Is 752351 prime?
True
Is 340112533 a composite number?
False
Is 4672237 a composite number?
True
Is 36368963 prime?
False
Is 60